
15
Let f(p) = 8*p**2 - 1999*p - 6321. Give f(253).
4
Let m(c) = -1476*c + 94134. Determine m(64).
-330
Let q(j) = -3487*j + 63634. Determine q(18).
868
Let x(w) = w**2 - 9628*w + 134570. Determine x(14).
-26
Let i(v) = 4875*v - 48718. Determine i(10).
32
Let h(g) = -26710*g - 5021457. Calculate h(-188).
23
Let l(i) = 355*i + 39908. Determine l(-112).
148
Let c(l) = -l**3 - 11*l**2 - 18*l - 77. Determine c(-10).
3
Let o(s) = -317*s + 15549. Calculate o(49).
16
Let j(t) = 16*t**2 + 626*t + 2043. What is j(-38)?
1359
Let r(k) = 23*k**2 - 74*k - 5. What is r(1)?
-56
Let z(c) = -c**3 - 146*c**2 + 302*c + 398. Give z(-148).
-490
Let q(k) = 2757*k + 30. Give q(0).
30
Let q(z) = 3*z**3 + 328*z**2 + 143*z + 1335. Give q(-109).
-2371
Let b(q) = 326*q**3 - 67*q**2 - 353*q - 285. Give b(-1).
-325
Let n(o) = 2*o**3 + 133*o**2 - 391*o - 12704. What is n(-68)?
12
Let u(v) = -6*v**3 + 75*v**2 + 497*v - 16. Calculate u(-7).
2238
Let f(w) = -3835*w + 1242535. What is f(324)?
-5
Let u(x) = 3*x**2 + 1858*x - 52362. What is u(27)?
-9
Let n(o) = -1094*o + 3021. What is n(2)?
833
Let u(i) = -2*i**3 + 247*i**2 - 130*i + 1010. Calculate u(123).
149
Let o(n) = -7*n**2 - 264*n - 1529. Calculate o(-30).
91
Let t(h) = 1493*h + 5406. Give t(-4).
-566
Let c(x) = -66*x + 1804. Calculate c(45).
-1166
Let d(b) = -7*b**2 - 802*b - 6016. What is d(-8)?
-48
Let b(l) = l**3 - 6*l**2 + 15956*l + 31944. What is b(-2)?
0
Let v(l) = -l**3 - 14*l**2 + 14*l - 15. What is v(-8)?
-511
Let q(p) = 13006*p - 104029. Calculate q(8).
19
Let p(x) = -1067*x**2 + 4274*x - 11. What is p(4)?
13
Let m(q) = 32*q**2 + 6748*q - 1475. Calculate m(-211).
-631
Let a(p) = p**3 + 26*p**2 + 1058*p + 31197. Calculate a(-28).
5
Let v(r) = r**3 - 62*r**2 - 96*r - 726. Give v(64).
1322
Let r(s) = -s**2 + 947*s + 22182. What is r(-23)?
-128
Let z(l) = 49062*l - 98138. What is z(2)?
-14
Let h(l) = 5*l**2 - 473*l + 141. Calculate h(102).
3915
Let j(c) = 238*c**3 - 51*c**2 - 44*c + 4. Calculate j(-1).
-241
Let w(t) = 69317*t + 34450553. Calculate w(-497).
4
Let o(p) = p**3 + 28*p**2 + 138*p + 358. Calculate o(-21).
547
Let p(x) = -13*x - 4226. Calculate p(-149).
-2289
Let z(v) = -4*v**2 - 162*v - 806. Give z(-28).
594
Let s(l) = -l**3 + 548*l**2 + 8489*l + 666. Calculate s(-15).
6
Let s(g) = 4287*g - 85612. Give s(20).
128
Let b(m) = -8*m**3 + 10*m**2 + 6467*m + 10. Determine b(0).
10
Let t(x) = -338*x + 2173. What is t(6)?
145
Let x(c) = 8609917*c + 68879331. Determine x(-8).
-5
Let f(v) = -10*v**3 - 18*v**2 - 1043*v - 1037. What is f(-1)?
-2
Let l(c) = -2*c**3 - 135*c**2 - 2283*c - 74. What is l(-35)?
206
Let j(a) = -2355*a + 9685. What is j(4)?
265
Let i(x) = 660*x + 3890. Give i(-6).
-70
Let z(y) = -55*y**2 + 271*y + 187. Give z(3).
505
Let z(o) = o**3 - 13*o**2 - 576*o + 6986. Give z(12).
-70
Let j(w) = -9*w**2 + 210*w - 1246. Give j(6).
-310
Let d(h) = -27*h**3 + 8*h**2 - 68*h - 367. Give d(-4).
1761
Let q(z) = -18*z**2 - 1684*z - 32726. What is q(-66)?
10
Let l(x) = x**3 - 5*x**2 + 1562*x - 9446. Give l(6).
-38
Let p(m) = 928388*m - 12069027. What is p(13)?
17
Let b(d) = 53141*d - 797101. Calculate b(15).
14
Let j(d) = -15*d**3 + 1726*d**2 - 115*d + 102. What is j(115)?
102
Let d(t) = -t**3 - 926*t**2 - 6513*t - 646. Give d(-7).
-86
Let u(a) = -2*a**3 + 64*a**2 - 274*a + 157. Give u(27).
49
Let c(f) = -1054*f - 53553. Calculate c(-51).
201
Let b(g) = g**3 + 45*g**2 - 271*g + 1267. Give b(-50).
2317
Let n(k) = k**2 + 743*k + 136575. What is n(-406)?
-247
Let f(m) = -m**2 + 558*m + 12223. Calculate f(-21).
64
Let x(p) = 187*p**2 - 1419*p + 97. What is x(6)?
-1685
Let s(y) = -2*y**3 + 1685*y**2 - 74041*y + 10348. What is s(796)?
0
Let h(o) = 704*o + 3736. Determine h(-5).
216
Let v(w) = -18*w**2 - 59*w + 468. Calculate v(-7).
-1
Let t(h) = h**3 + 24*h**2 + 53*h + 421. Give t(-24).
-851
Let s(r) = 58*r**2 - 114*r - 645. What is s(-6)?
2127
Let w(m) = m**2 + 894*m - 253192. Give w(226).
-72
Let s(i) = -2*i**3 - 40*i**2 + 150*i + 281. Determine s(-23).
5
Let f(y) = 38320*y + 153300. Give f(-4).
20
Let n(u) = -42*u**2 + 1209*u + 25677. Determine n(43).
6
Let h(j) = -2*j**3 - 363*j**2 - 16431*j - 2192. Give h(-85).
18
Let h(f) = 697*f - 30487. Calculate h(44).
181
Let a(j) = -244*j - 3846. What is a(-16)?
58
Let y(h) = -h**3 - 19*h**2 + 3909*h - 2411. What is y(-73)?
-2
Let d(p) = 25475*p - 152869. Determine d(6).
-19
Let h(k) = 14541*k + 247258. What is h(-17)?
61
Let s(l) = l**3 - 23*l**2 + 9*l + 252. What is s(6)?
-306
Let k(n) = 47171*n - 1367955. Give k(29).
4
Let x(i) = -i**3 - 240*i**2 + 457*i + 166342. Give x(-239).
-2
Let j(o) = -2*o**3 + 65*o**2 + 218*o - 124. Calculate j(36).
-1348
Let d(g) = 19*g + 3630. What is d(-183)?
153
Let h(d) = -7211*d + 93859. Give h(13).
116
Let k(a) = 14160*a - 98451. Calculate k(7).
669
Let a(b) = -8*b**2 - 29114*b + 438520. Give a(15).
10
Let g(v) = -99*v**2 - 258*v - 446. What is g(-3)?
-563
Let q(l) = 2*l**3 - 37*l**2 - 140*l - 1516. Give q(23).
25
Let g(u) = -23*u**2 - 3064*u - 12383. What is g(-4)?
-495
Let w(c) = 6*c**3 - 181*c**2 - 142*c - 406. What is w(31)?
-3
Let g(o) = -5*o**2 + 79*o - 258. Give g(9).
48
Let y(m) = -m**3 + 27*m**2 + 11763*m + 23414. Determine y(-2).
4
Let s(o) = -428003*o + 3424037. Give s(8).
13
Let k(a) = -a**3 + 374*a**2 + 385*a - 3432. What is k(375)?
318
Let p(t) = -t**3 - 20*t**2 + 961*t - 3222. Give p(20).
-2
Let h(o) = 7*o**2 - 9071*o - 204291. What is h(1318)?
-1
Let m(h) = 2037*h + 187372. Determine m(-92).
-32
Let a(x) = x**3 - 51*x**2 - 97*x + 610. Calculate a(51).
-4337
Let l(g) = -3506*g - 108731. Calculate l(-31).
-45
Let i(b) = 2*b**2 - 62*b - 87. What is i(40)?
633
Let n(o) = o**3 + 374*o**2 + 9*o + 3369. Give n(-374).
3
Let f(t) = 3*t**3 - 39*t**2 - 1400*t + 236. What is f(29)?
4
Let z(t) = -t**2 - 28569*t - 2279120. Give z(-80).
0
Let z(y) = -2*y**3 - 14*y**2 - 75*y + 135. Determine z(-11).
1928
Let m(j) = 17808*j + 3223246. Calculate m(-181).
-2
Let i(a) = -a**3 - 67*a**2 - 130*a - 4220. Calculate i(-66).
4
Let f(b) = 2*b**2 + 26*b + 35. Calculate f(27).
2195
Let y(j) = -j**3 - 66*j**2 + 2034*j - 1071. Calculate y(-89).
86
Let i(v) = 324*v**3 - 2*v**2 + 17*v + 25. What is i(-2)?
-2609
Let y(u) = -u**3 - 34*u**2 - 173*u + 175. Determine y(-27).
-257
Let q(k) = -2813*k - 464100. Give q(-165).
45
Let j(m) = -3*m**2 - 2986*m - 49817. Give j(-17).
78
Let l(c) = 11*c**3 + 8*c**2 - 46*c + 248. Calculate l(5).
1593
Let i(q) = -2*q**3 - 4*q**2 - 131*q - 2479. Determine i(0).
-2479
Let m(r) = 78678*r + 78591. What is m(-1)?
-87
Let t(p) = 278*p**2 + 81*p - 35. Calculate t(2).
1239
Let f(k) = -4*k**3 + 2956*k**2 + 3038*k - 57763. Give f(740).
-43
Let r(s) = -5*s**2 + 142*s - 1323. What is r(19)?
-430
Let j(r) = -r**3 - 38*r**2 - 288*r - 244. What is j(-28)?
-20
Let g(r) = -3*r**2 - 17*r + 404. Determine g(9).
8
Let w(z) = -7*z**3 + 591*z**2 + 464*z - 129. Give w(-1).
5
Let z(t) = t**2 + 472*t + 48828. Give z(-319).
21
Let s(k) = -11*k + 1778. Calculate s(183).
-235
Let d(h) = 33*h**2 - 424*h + 1157. Calculate d(4).
-11
Let h(s) = -3201*s + 390502. Determine h(122).
-20
Let o(c) = -1452*c + 28170. Determine o(19).
582
Let a(m) = -2*m**3 + 27*m**2 + 288*m + 113. Give a(-13).
5326
Let q(a) = -1929*a + 686722. What is q(356)?
-2
Let s(f) = 237*f - 11334. What is s(48)?
42
Let c(v) = -182*v - 41491. What is c(-228)?
5
Let g(c) = 11*c**2 - 487*c - 3390. Determine g(-6).
-72
Let v(u) = 1024*u + 4070. Give v(-5).
-1050
Let f(w) = w**3 + 13*w**2 - 26329*w + 131646. Give f(5).
451
Let q(j) = 10*j**2 + 7392*j + 234401. Determine q(-706).
9
Let g(r) = -r**3 - 95*r**2 + 136*r + 4437. Calculate g(-96).
597
Let b(u) = 62*u**2 - 1217*u - 1848. Calculate b(21).
-63
Let m(o) = -419*o - 2739. What is m(-2)?
-1901
Let o(n) = 2542*n - 2816. Give o(1).
-274
Let u(t) = t**3 - 157*t**2 - 2396*t + 338. Give u(171).
-4
Let h(q) = -3*q**3 + 48*q**2 - 13*q + 171. Determine h(16).
-37
Let f(n) = -2450*n - 9879. Calculate f(-4).
-79
Let n(g) = 3*g**3 - 67*g**2 + 31*g - 119. Determine n(22).
79
Let q(j) = j**2 - 136*j + 1203. Determine q(123).
-396
Let v(h) = -3*h**2 + 203*h - 422. Give v(64).
282
Let a(q) = -q**3 + 220*q**2 - 12080*q + 1862. What is a(116)?
6
Let o(n) = -1442*n - 1059867. What is o(-735)?
3
Let m(x) = -7*x**3 + 1099*x**2 - 2*x + 804. What is m(157